{"id":207,"date":"2016-10-12T18:04:37","date_gmt":"2016-10-12T18:04:37","guid":{"rendered":"http:\/\/demo.mekshq.com\/voice\/?page_id=207"},"modified":"2025-03-18T12:34:01","modified_gmt":"2025-03-18T11:34:01","slug":"sve-ce-biti-u-redu-triglav-rs","status":"publish","type":"page","link":"https:\/\/svecebitiuredu.triglav.hr\/vsebovredu_hr\/","title":{"rendered":"Sve \u0107e biti u redu"},"content":{"rendered":"","protected":false},"excerpt":{"rendered":"","protected":false},"author":7,"featured_media":2713,"parent":0,"menu_order":0,"comment_status":"open","ping_status":"open","template":"template-modules.php","meta":[],"acf":[],"yoast_head":"<!-- This site is optimized with the Yoast SEO plugin v20.5 - https:\/\/yoast.com\/wordpress\/plugins\/seo\/ -->\r\n<title>Sve \u0107e biti u redu - Pri\u010de i savjeti za bezbri\u017enu svakodnevicu<\/title>\r\n<meta name=\"description\" content=\"Tko ka\u017ee da smo mi osiguravaju\u0107a dru\u0161tva komplicirana i dosadna? Na Sve \u0107e biti u redu razbijamo mitove savjetima, videima i razgovorima.\" \/>\r\n<meta name=\"robots\" content=\"index, follow, max-snippet:-1, max-image-preview:large, max-video-preview:-1\" \/>\r\n<link rel=\"canonical\" href=\"https:\/\/svecebitiuredu.triglav.hr\/vsebovredu_hr\/\" \/>\r\n<meta property=\"og:locale\" content=\"en_US\" \/>\r\n<meta property=\"og:type\" content=\"article\" \/>\r\n<meta property=\"og:title\" content=\"Sve \u0107e biti u redu | Triglav.rs\" \/>\r\n<meta property=\"og:description\" content=\"Tko ka\u017ee da smo mi osiguravaju\u0107a dru\u0161tva komplicirana i dosadna? Na Sve \u0107e biti u redu razbijamo mitove savjetima, videima i razgovorima.\" \/>\r\n<meta property=\"og:url\" content=\"https:\/\/svecebitiuredu.triglav.hr\/vsebovredu_hr\/\" \/>\r\n<meta property=\"og:site_name\" content=\"Sve ce biti u Redu | Triglav.hr\" \/>\r\n<meta property=\"article:publisher\" content=\"https:\/\/www.facebook.com\/TOSrbija\" \/>\r\n<meta property=\"article:modified_time\" content=\"2025-03-18T11:34:01+00:00\" \/>\r\n<meta property=\"og:image\" content=\"https:\/\/svecebitiuredu.triglav.hr\/vsebovredu_hr\/wp-content\/uploads\/2020\/07\/download.png\" \/>\r\n\t<meta property=\"og:image:width\" content=\"225\" \/>\r\n\t<meta property=\"og:image:height\" content=\"225\" \/>\r\n\t<meta property=\"og:image:type\" content=\"image\/png\" \/>\r\n<meta name=\"twitter:card\" content=\"summary_large_image\" \/>\r\n<meta name=\"twitter:title\" content=\"Sve \u0107e biti u redu | Triglav.rs\" \/>\r\n<meta name=\"twitter:image\" content=\"https:\/\/svecebitiuredu.triglav.hr\/wp-content\/uploads\/2020\/07\/download.png\" \/>\r\n<script type=\"application\/ld+json\" class=\"yoast-schema-graph\">{\"@context\":\"https:\/\/schema.org\",\"@graph\":[{\"@type\":\"WebPage\",\"@id\":\"https:\/\/svecebitiuredu.triglav.hr\/vsebovredu_hr\/\",\"url\":\"https:\/\/svecebitiuredu.triglav.hr\/vsebovredu_hr\/\",\"name\":\"Sve \u0107e biti u redu - Pri\u010de i savjeti za bezbri\u017enu svakodnevicu\",\"isPartOf\":{\"@id\":\"https:\/\/svecebitiuredu.triglav.hr\/vsebovredu_hr\/#website\"},\"datePublished\":\"2016-10-12T18:04:37+00:00\",\"dateModified\":\"2025-03-18T11:34:01+00:00\",\"description\":\"Tko ka\u017ee da smo mi osiguravaju\u0107a dru\u0161tva komplicirana i dosadna? Na Sve \u0107e biti u redu razbijamo mitove savjetima, videima i razgovorima.\",\"breadcrumb\":{\"@id\":\"https:\/\/svecebitiuredu.triglav.hr\/vsebovredu_hr\/#breadcrumb\"},\"inLanguage\":\"en-US\",\"potentialAction\":[{\"@type\":\"ReadAction\",\"target\":[\"https:\/\/svecebitiuredu.triglav.hr\/vsebovredu_hr\/\"]}]},{\"@type\":\"BreadcrumbList\",\"@id\":\"https:\/\/svecebitiuredu.triglav.hr\/vsebovredu_hr\/#breadcrumb\",\"itemListElement\":[{\"@type\":\"ListItem\",\"position\":1,\"name\":\"Home\",\"item\":\"https:\/\/svecebitiuredu.triglav.hr\/vsebovredu_hr\/\"},{\"@type\":\"ListItem\",\"position\":2,\"name\":\"Sve \u0107e biti u redu\"}]},{\"@type\":\"WebSite\",\"@id\":\"https:\/\/svecebitiuredu.triglav.hr\/vsebovredu_hr\/#website\",\"url\":\"https:\/\/svecebitiuredu.triglav.hr\/vsebovredu_hr\/\",\"name\":\"Sve ce biti u Redu | Triglav.hr\",\"description\":\"\",\"publisher\":{\"@id\":\"https:\/\/svecebitiuredu.triglav.hr\/vsebovredu_hr\/#organization\"},\"potentialAction\":[{\"@type\":\"SearchAction\",\"target\":{\"@type\":\"EntryPoint\",\"urlTemplate\":\"https:\/\/svecebitiuredu.triglav.hr\/vsebovredu_hr\/?s={search_term_string}\"},\"query-input\":\"required name=search_term_string\"}],\"inLanguage\":\"en-US\"},{\"@type\":\"Organization\",\"@id\":\"https:\/\/svecebitiuredu.triglav.hr\/vsebovredu_hr\/#organization\",\"name\":\"Sve \u0107e biti u redu\",\"url\":\"https:\/\/svecebitiuredu.triglav.hr\/vsebovredu_hr\/\",\"logo\":{\"@type\":\"ImageObject\",\"inLanguage\":\"en-US\",\"@id\":\"https:\/\/svecebitiuredu.triglav.hr\/vsebovredu_hr\/#\/schema\/logo\/image\/\",\"url\":\"https:\/\/svecebitiuredu.triglav.hr\/vsebovredu_rs\/wp-content\/uploads\/2020\/07\/logo-sve-ce-biti-u-redu-2.png\",\"contentUrl\":\"https:\/\/svecebitiuredu.triglav.hr\/vsebovredu_rs\/wp-content\/uploads\/2020\/07\/logo-sve-ce-biti-u-redu-2.png\",\"width\":382,\"height\":52,\"caption\":\"Sve \u0107e biti u redu\"},\"image\":{\"@id\":\"https:\/\/svecebitiuredu.triglav.hr\/vsebovredu_hr\/#\/schema\/logo\/image\/\"},\"sameAs\":[\"https:\/\/www.facebook.com\/TOSrbija\",\"https:\/\/www.instagram.com\/triglav.osiguranje.srbija\/\",\"https:\/\/rs.linkedin.com\/organization-guest\/company\/triglav-osiguranje-beograd?trk=public_profile_topcard_past_company&amp;amp;amp;amp;amp;amp;amp;challengeId=AQGZNCgUamB2HAAAAXMuJgPV26i0aPLyXfHQTu5866fHyLj5OEAddNcWNvYpX9Wu1pkh483QNsfFWygQj0qK_oPlKkqudhIcHg&amp;amp;amp;amp;amp;amp;amp;submissionId=7e885b86-ebc2-1f16-f8cf-9af154531d3c\",\"https:\/\/www.youtube.com\/channel\/UCdgY8ts6fkz3vfmOFjdlBng\"]}]}<\/script>\r\n<!-- \/ Yoast SEO plugin. -->","yoast_head_json":{"title":"Sve \u0107e biti u redu - Pri\u010de i savjeti za bezbri\u017enu svakodnevicu","description":"Tko ka\u017ee da smo mi osiguravaju\u0107a dru\u0161tva komplicirana i dosadna? Na Sve \u0107e biti u redu razbijamo mitove savjetima, videima i razgovorima.","robots":{"index":"index","follow":"follow","max-snippet":"max-snippet:-1","max-image-preview":"max-image-preview:large","max-video-preview":"max-video-preview:-1"},"canonical":"https:\/\/svecebitiuredu.triglav.hr\/vsebovredu_hr\/","og_locale":"en_US","og_type":"article","og_title":"Sve \u0107e biti u redu | Triglav.rs","og_description":"Tko ka\u017ee da smo mi osiguravaju\u0107a dru\u0161tva komplicirana i dosadna? Na Sve \u0107e biti u redu razbijamo mitove savjetima, videima i razgovorima.","og_url":"https:\/\/svecebitiuredu.triglav.hr\/vsebovredu_hr\/","og_site_name":"Sve ce biti u Redu | Triglav.hr","article_publisher":"https:\/\/www.facebook.com\/TOSrbija","article_modified_time":"2025-03-18T11:34:01+00:00","og_image":[{"width":225,"height":225,"url":"https:\/\/svecebitiuredu.triglav.hr\/vsebovredu_hr\/wp-content\/uploads\/2020\/07\/download.png","type":"image\/png"}],"twitter_card":"summary_large_image","twitter_title":"Sve \u0107e biti u redu | Triglav.rs","twitter_image":"https:\/\/svecebitiuredu.triglav.hr\/wp-content\/uploads\/2020\/07\/download.png","schema":{"@context":"https:\/\/schema.org","@graph":[{"@type":"WebPage","@id":"https:\/\/svecebitiuredu.triglav.hr\/vsebovredu_hr\/","url":"https:\/\/svecebitiuredu.triglav.hr\/vsebovredu_hr\/","name":"Sve \u0107e biti u redu - Pri\u010de i savjeti za bezbri\u017enu svakodnevicu","isPartOf":{"@id":"https:\/\/svecebitiuredu.triglav.hr\/vsebovredu_hr\/#website"},"datePublished":"2016-10-12T18:04:37+00:00","dateModified":"2025-03-18T11:34:01+00:00","description":"Tko ka\u017ee da smo mi osiguravaju\u0107a dru\u0161tva komplicirana i dosadna? Na Sve \u0107e biti u redu razbijamo mitove savjetima, videima i razgovorima.","breadcrumb":{"@id":"https:\/\/svecebitiuredu.triglav.hr\/vsebovredu_hr\/#breadcrumb"},"inLanguage":"en-US","potentialAction":[{"@type":"ReadAction","target":["https:\/\/svecebitiuredu.triglav.hr\/vsebovredu_hr\/"]}]},{"@type":"BreadcrumbList","@id":"https:\/\/svecebitiuredu.triglav.hr\/vsebovredu_hr\/#breadcrumb","itemListElement":[{"@type":"ListItem","position":1,"name":"Home","item":"https:\/\/svecebitiuredu.triglav.hr\/vsebovredu_hr\/"},{"@type":"ListItem","position":2,"name":"Sve \u0107e biti u redu"}]},{"@type":"WebSite","@id":"https:\/\/svecebitiuredu.triglav.hr\/vsebovredu_hr\/#website","url":"https:\/\/svecebitiuredu.triglav.hr\/vsebovredu_hr\/","name":"Sve ce biti u Redu | Triglav.hr","description":"","publisher":{"@id":"https:\/\/svecebitiuredu.triglav.hr\/vsebovredu_hr\/#organization"},"potentialAction":[{"@type":"SearchAction","target":{"@type":"EntryPoint","urlTemplate":"https:\/\/svecebitiuredu.triglav.hr\/vsebovredu_hr\/?s={search_term_string}"},"query-input":"required name=search_term_string"}],"inLanguage":"en-US"},{"@type":"Organization","@id":"https:\/\/svecebitiuredu.triglav.hr\/vsebovredu_hr\/#organization","name":"Sve \u0107e biti u redu","url":"https:\/\/svecebitiuredu.triglav.hr\/vsebovredu_hr\/","logo":{"@type":"ImageObject","inLanguage":"en-US","@id":"https:\/\/svecebitiuredu.triglav.hr\/vsebovredu_hr\/#\/schema\/logo\/image\/","url":"https:\/\/svecebitiuredu.triglav.hr\/vsebovredu_rs\/wp-content\/uploads\/2020\/07\/logo-sve-ce-biti-u-redu-2.png","contentUrl":"https:\/\/svecebitiuredu.triglav.hr\/vsebovredu_rs\/wp-content\/uploads\/2020\/07\/logo-sve-ce-biti-u-redu-2.png","width":382,"height":52,"caption":"Sve \u0107e biti u redu"},"image":{"@id":"https:\/\/svecebitiuredu.triglav.hr\/vsebovredu_hr\/#\/schema\/logo\/image\/"},"sameAs":["https:\/\/www.facebook.com\/TOSrbija","https:\/\/www.instagram.com\/triglav.osiguranje.srbija\/","https:\/\/rs.linkedin.com\/organization-guest\/company\/triglav-osiguranje-beograd?trk=public_profile_topcard_past_company&amp;amp;amp;amp;amp;amp;amp;challengeId=AQGZNCgUamB2HAAAAXMuJgPV26i0aPLyXfHQTu5866fHyLj5OEAddNcWNvYpX9Wu1pkh483QNsfFWygQj0qK_oPlKkqudhIcHg&amp;amp;amp;amp;amp;amp;amp;submissionId=7e885b86-ebc2-1f16-f8cf-9af154531d3c","https:\/\/www.youtube.com\/channel\/UCdgY8ts6fkz3vfmOFjdlBng"]}]}},"_links":{"self":[{"href":"https:\/\/svecebitiuredu.triglav.hr\/vsebovredu_hr\/vsebovredu_hr\/wp-json\/wp\/v2\/pages\/207"}],"collection":[{"href":"https:\/\/svecebitiuredu.triglav.hr\/vsebovredu_hr\/vsebovredu_hr\/wp-json\/wp\/v2\/pages"}],"about":[{"href":"https:\/\/svecebitiuredu.triglav.hr\/vsebovredu_hr\/vsebovredu_hr\/wp-json\/wp\/v2\/types\/page"}],"author":[{"embeddable":true,"href":"https:\/\/svecebitiuredu.triglav.hr\/vsebovredu_hr\/vsebovredu_hr\/wp-json\/wp\/v2\/users\/7"}],"replies":[{"embeddable":true,"href":"https:\/\/svecebitiuredu.triglav.hr\/vsebovredu_hr\/vsebovredu_hr\/wp-json\/wp\/v2\/comments?post=207"}],"version-history":[{"count":2,"href":"https:\/\/svecebitiuredu.triglav.hr\/vsebovredu_hr\/vsebovredu_hr\/wp-json\/wp\/v2\/pages\/207\/revisions"}],"predecessor-version":[{"id":2504,"href":"https:\/\/svecebitiuredu.triglav.hr\/vsebovredu_hr\/vsebovredu_hr\/wp-json\/wp\/v2\/pages\/207\/revisions\/2504"}],"wp:featuredmedia":[{"embeddable":true,"href":"https:\/\/svecebitiuredu.triglav.hr\/vsebovredu_hr\/vsebovredu_hr\/wp-json\/wp\/v2\/media\/2713"}],"wp:attachment":[{"href":"https:\/\/svecebitiuredu.triglav.hr\/vsebovredu_hr\/vsebovredu_hr\/wp-json\/wp\/v2\/media?parent=207"}],"curies":[{"name":"wp","href":"https:\/\/api.w.org\/{rel}","templated":true}]}}